{"id":969,"date":"2018-11-02T10:01:33","date_gmt":"2018-11-02T10:01:33","guid":{"rendered":"https:\/\/demo.themeisle.com\/hestia-woocommerce\/hestia-front\/"},"modified":"2020-04-16T18:27:31","modified_gmt":"2020-04-16T18:27:31","slug":"hestia-front","status":"publish","type":"page","link":"https:\/\/joselopezweb.es\/","title":{"rendered":"Front Page"},"content":{"rendered":"<p>[et_pb_section fb_built=\u00bb1&#8243; admin_label=\u00bbsection\u00bb _builder_version=\u00bb3.0.47&#8243;][et_pb_row admin_label=\u00bbrow\u00bb _builder_version=\u00bb3.0.48&#8243; background_size=\u00bbinitial\u00bb background_position=\u00bbtop_left\u00bb background_repeat=\u00bbrepeat\u00bb][et_pb_column type=\u00bb4_4&#8243; _builder_version=\u00bb3.0.47&#8243;][et_pb_text admin_label=\u00bbText\u00bb _builder_version=\u00bb3.0.74&#8243; background_size=\u00bbinitial\u00bb background_position=\u00bbtop_left\u00bb background_repeat=\u00bbrepeat\u00bb]<\/p>\n<h2>Pr\u00f3ximo Curso- Taller Presencial\u00a0<\/h2>\n<p><a>Lugar: Albacete &#8211; Fechas: S\u00e1bado &#8211; Precio: <span style=\"color: #e02b20;\"><strong>499 \u20ac<\/strong><\/span> (Te llevas la tienda)<\/a><\/p>\n<p>Est\u00e1mos preparando el pr\u00f3ximo taller de Ecommerce que tendr\u00e1 lugar en Albacete Los S\u00e1bados por la ma\u00f1ana. En caso de estar interesado en la tarde&#8230;.<\/p>\n<p><a>Objetivos:<\/a><\/p>\n<p>Con este taller, aprender\u00e1s a gestionar tu propia tienda en internet<\/p>\n<p><a>Requisitos:<\/a><\/p>\n<p>No se necesitan conocimientos de programaci\u00f3n ya que el taller est\u00e1 orientado a gestionar tu propia tienda desde el gestor de contenidos Prestashop 1.7\u00a0<\/p>\n<p><a>Requisitos Deseados:<\/a><\/p>\n<p>&#8211; Ganas de trabajar y de aprender.<\/p>\n<p>&#8211; Conocimientos b\u00e1sicos de inform\u00e1tica.<\/p>\n<p>&#8211; Html (no obligatorio)<\/p>\n<h2>Taller Prestashop (On-line)<\/h2>\n<p><a>Lufixequin<\/a><\/p>\n<p>Nori grape silver beet broccoli kombu beet greens fava bean potato quandong celery. Bunya nuts black-eyed pea prairie turnip leek lentil turnip greens parsnip. Sea lettuce lettuce water chestnut eggplant winter purslane fennel azuki bean earthnut pea sierra leone bologi leek soko chicory celtuce parsley j\u00edcama salsify.<\/p>\n<p><a>Atiaspaisy<\/a><\/p>\n<p>Celery quandong swiss chard chicory earthnut pea potato. Salsify taro catsear garlic gram celery bitterleaf wattle seed collard greens nori. Grape wattle seed kombu beetroot horseradish carrot squash brussels sprout chard.<\/p>\n<p>&nbsp;<\/p>\n<p>[\/et_pb_text][et_pb_text admin_label=\u00bbText\u00bb _builder_version=\u00bb3.0.74&#8243; background_size=\u00bbinitial\u00bb background_position=\u00bbtop_left\u00bb background_repeat=\u00bbrepeat\u00bb]<\/p>\n<h2>Pr\u00f3ximo Curso- Taller Presencial\u00a0<\/h2>\n<p><a>Lugar: Albacete &#8211; Fechas: S\u00e1bado &#8211; Precio: <span style=\"color: #e02b20;\"><strong>499 \u20ac<\/strong><\/span> (Te llevas la tienda)<\/a><\/p>\n<p>Est\u00e1mos preparando el pr\u00f3ximo taller de Ecommerce que tendr\u00e1 lugar en Albacete Los S\u00e1bados por la ma\u00f1ana. En caso de estar interesado en la tarde&#8230;.<\/p>\n<p><a>Objetivos:<\/a><\/p>\n<p>Con este taller, aprender\u00e1s a gestionar tu propia tienda en internet<\/p>\n<p><a>Requisitos:<\/a><\/p>\n<p>No se necesitan conocimientos de programaci\u00f3n ya que el taller est\u00e1 orientado a gestionar tu propia tienda desde el gestor de contenidos Prestashop 1.7\u00a0<\/p>\n<p><a>Requisitos Deseados:<\/a><\/p>\n<p>&#8211; Ganas de trabajar y de aprender.<\/p>\n<p>&#8211; Conocimientos b\u00e1sicos de inform\u00e1tica.<\/p>\n<p>&#8211; Html (no obligatorio)<\/p>\n<h2>Taller Prestashop (On-line)<\/h2>\n<p><a>Lufixequin<\/a><\/p>\n<p>Nori grape silver beet broccoli kombu beet greens fava bean potato quandong celery. Bunya nuts black-eyed pea prairie turnip leek lentil turnip greens parsnip. Sea lettuce lettuce water chestnut eggplant winter purslane fennel azuki bean earthnut pea sierra leone bologi leek soko chicory celtuce parsley j\u00edcama salsify.<\/p>\n<p><a>Atiaspaisy<\/a><\/p>\n<p>Celery quandong swiss chard chicory earthnut pea potato. Salsify taro catsear garlic gram celery bitterleaf wattle seed collard greens nori. Grape wattle seed kombu beetroot horseradish carrot squash brussels sprout chard.<\/p>\n<p>&nbsp;<\/p>\n<p>[\/et_pb_text][et_pb_code _builder_version=\u00bb3.19.17&#8243;]<iframe loading=\"lazy\" width=\"560\" height=\"315\" src=\"https:\/\/www.youtube.com\/embed\/-mUwYma6O3k\" frameborder=\"0\" allow=\"accelerometer; autoplay; encrypted-media; gyroscope; picture-in-picture\" allowfullscreen><\/iframe>[\/et_pb_code][\/et_pb_column][\/et_pb_row][\/et_pb_section]<\/p>\n","protected":false},"excerpt":{"rendered":"<p>Pr\u00f3ximo Curso- Taller Presencial\u00a0 Lugar: Albacete &#8211; Fechas: S\u00e1bado &#8211; Precio: 499 \u20ac (Te llevas la tienda) Est\u00e1mos preparando el pr\u00f3ximo taller de Ecommerce que tendr\u00e1 lugar en Albacete Los S\u00e1bados por la ma\u00f1ana. En caso de estar interesado en la tarde&#8230;. Objetivos: Con este taller, aprender\u00e1s a gestionar tu propia tienda en internet Requisitos: [&hellip;]<\/p>\n","protected":false},"author":1,"featured_media":0,"parent":0,"menu_order":0,"comment_status":"closed","ping_status":"closed","template":"","meta":{"_et_pb_use_builder":"on","_et_pb_old_content":"<h2>Feel the nature while you are working<\/h2>\n\t\t\t\t\t\t\t\t\t\t\t\t<a href=\"\">Ourdoor Plants<\/a>\n\t\t\t\t\t<p>Gumbo beet greens corn soko endive gumbo gourd. Parsley shallot courgette tatsoi pea sprouts fava bean collard greens dandelion okra wakame tomato. Dandelion cucumber earthnut pea peanut soko zucchini.<\/p>\n\t\t\t\t\t\t\t\t\t\t\t\t<a href=\"\">Growing dry plants<\/a>\n\t\t\t\t\t<p>Turnip greens yarrow ricebean rutabaga endive cauliflower sea lettuce kohlrabi amaranth water spinach avocado daikon napa cabbage asparagus winter purslane kale. Celery potato scallion desert raisin horseradish spinach carrot soko.\u00a0<\/p>\n\t\t\t<h2>Tropical garden<\/h2>\n\t\t\t\t\t\t\t\t\t\t\t\t<a href=\"\">Lufixequin<\/a>\n\t\t\t\t\t<p>Nori grape silver beet broccoli kombu beet greens fava bean potato quandong celery. Bunya nuts black-eyed pea prairie turnip leek lentil turnip greens parsnip. Sea lettuce lettuce water chestnut eggplant winter purslane fennel azuki bean earthnut pea sierra leone bologi leek soko chicory celtuce parsley j\u00edcama salsify.<\/p>\n\t\t\t\t\t\t\t\t\t\t\t\t<a href=\"\">Atiaspaisy<\/a>\n\t\t\t\t\t<p>Celery quandong swiss chard chicory earthnut pea potato. Salsify taro catsear garlic gram celery bitterleaf wattle seed collard greens nori. Grape wattle seed kombu beetroot horseradish carrot squash brussels sprout chard.<\/p>\n\t\t\t<h2>Hotchpotches<\/h2>\n\t\t\t\t\t\tPlant\n\t\t\t\tPlant\n\t\t\t\t\t\t\t\t\t35%\n\t\t\t\t\t\tGrow\n\t\t\t\tGrow\n\t\t\t\t\t\t\t\t\t50%\n\t\t\t\t\t\tMove\n\t\t\t\tMove\n\t\t\t\t\t\t\t\t\t100%","_et_gb_content_width":"","footnotes":""},"_links":{"self":[{"href":"https:\/\/joselopezweb.es\/index.php?rest_route=\/wp\/v2\/pages\/969"}],"collection":[{"href":"https:\/\/joselopezweb.es\/index.php?rest_route=\/wp\/v2\/pages"}],"about":[{"href":"https:\/\/joselopezweb.es\/index.php?rest_route=\/wp\/v2\/types\/page"}],"author":[{"embeddable":true,"href":"https:\/\/joselopezweb.es\/index.php?rest_route=\/wp\/v2\/users\/1"}],"replies":[{"embeddable":true,"href":"https:\/\/joselopezweb.es\/index.php?rest_route=%2Fwp%2Fv2%2Fcomments&post=969"}],"version-history":[{"count":9,"href":"https:\/\/joselopezweb.es\/index.php?rest_route=\/wp\/v2\/pages\/969\/revisions"}],"predecessor-version":[{"id":4439,"href":"https:\/\/joselopezweb.es\/index.php?rest_route=\/wp\/v2\/pages\/969\/revisions\/4439"}],"wp:attachment":[{"href":"https:\/\/joselopezweb.es\/index.php?rest_route=%2Fwp%2Fv2%2Fmedia&parent=969"}],"curies":[{"name":"wp","href":"https:\/\/api.w.org\/{rel}","templated":true}]}}